{"id":3065,"date":"2022-05-06T15:45:37","date_gmt":"2022-05-06T13:45:37","guid":{"rendered":"https:\/\/families.eduvic.coop\/terpia\/tallers-educatius-familiars\/"},"modified":"2023-03-10T13:48:17","modified_gmt":"2023-03-10T11:48:17","slug":"talleres-educativos-familiares","status":"publish","type":"terpia","link":"https:\/\/families.eduvic.coop\/es\/terpia\/talleres-educativos-familiares\/","title":{"rendered":"Talleres educativos familiares"},"content":{"rendered":"<p class=\"western\" align=\"justify\"><span style=\"color: #000000;\"><span style=\"font-size: medium;\">Talleres dirigidos a padres, madres, personas adultas referentes e hijo\/as cuya finalidad es promover la crianza positiva y responsiva. Una parte de la oferta de estos talleres est\u00e1 formada por el programa \u201cCr\u00e8ixer en Fam\u00edlia\u201d (impulsado por el Departamento de Derechos Sociales de la Generalitat de Catalunya) o \u201cAprender Juntos\u201d (impulsado por el programa CaixaProinf\u00e0ncia de la Fundaci\u00f3n \u201dla Caixa\u201d).<\/span><\/span><\/p>\n<p class=\"western\" align=\"justify\"><span style=\"color: #000000;\"><span style=\"font-size: medium;\">En el marco de estos talleres, se trabajan con los padres, madres, hijos e hijas temas planificados previamente relacionados con el cuidado, la crianza o la educaci\u00f3n, y se les invita a reflexionar y compartir sus experiencias con otras familias.<\/span><\/span><\/p>\n<p class=\"western\" align=\"justify\"><span style=\"color: #000000;\"><span style=\"font-size: medium;\">Dentro del grupo se promueve la reflexi\u00f3n colectiva sobre por qu\u00e9 educamos, qu\u00e9 hacemos y c\u00f3mo lo hacemos.<\/span><\/span><\/p>\n","protected":false},"featured_media":2823,"template":"","class_list":["post-3065","terpia","type-terpia","status-publish","has-post-thumbnail","hentry"],"_links":{"self":[{"href":"https:\/\/families.eduvic.coop\/es\/wp-json\/wp\/v2\/terpia\/3065","targetHints":{"allow":["GET"]}}],"collection":[{"href":"https:\/\/families.eduvic.coop\/es\/wp-json\/wp\/v2\/terpia"}],"about":[{"href":"https:\/\/families.eduvic.coop\/es\/wp-json\/wp\/v2\/types\/terpia"}],"wp:featuredmedia":[{"embeddable":true,"href":"https:\/\/families.eduvic.coop\/es\/wp-json\/wp\/v2\/media\/2823"}],"wp:attachment":[{"href":"https:\/\/families.eduvic.coop\/es\/wp-json\/wp\/v2\/media?parent=3065"}],"curies":[{"name":"wp","href":"https:\/\/api.w.org\/{rel}","templated":true}]}}

<p class="western" align="justify"><span style="color: #000000;"><span style="font-size: medium;">Talleres dirigidos a padres, madres, personas adultas referentes e hijo/as cuya finalidad es promover la crianza positiva y responsiva. Una parte de la oferta de estos talleres está formada por el programa “Crèixer en Família” (impulsado por el Departamento de Derechos Sociales de la Generalitat de Catalunya) o “Aprender Juntos” (impulsado por el programa CaixaProinfància de la Fundación ”la Caixa”).</span></span></p>
<p class="western" align="justify"><span style="color: #000000;"><span style="font-size: medium;">En el marco de estos talleres, se trabajan con los padres, madres, hijos e hijas temas planificados previamente relacionados con el cuidado, la crianza o la educación, y se les invita a reflexionar y compartir sus experiencias con otras familias.</span></span></p>
<p class="western" align="justify"><span style="color: #000000;"><span style="font-size: medium;">Dentro del grupo se promueve la reflexión colectiva sobre por qué educamos, qué hacemos y cómo lo hacemos.</span></span></p>
