{"id":3060,"date":"2022-05-06T16:50:12","date_gmt":"2022-05-06T14:50:12","guid":{"rendered":"https:\/\/families.eduvic.coop\/terpia\/exploracio-logopedica-i-tractament-dinfants-i-adolescents\/"},"modified":"2023-03-10T13:38:55","modified_gmt":"2023-03-10T11:38:55","slug":"exploracion-logopedica-y-tratamiento-de-ninos-ninas-y-adolescentes","status":"publish","type":"terpia","link":"https:\/\/families.eduvic.coop\/es\/terpia\/exploracion-logopedica-y-tratamiento-de-ninos-ninas-y-adolescentes\/","title":{"rendered":"Exploraci\u00f3n logop\u00e9dica y tratamiento de ni\u00f1os, ni\u00f1as y adolescentes"},"content":{"rendered":"<p class=\"western\" align=\"justify\"><span style=\"color: #000000;\"><span style=\"font-size: medium;\">Servicio orientado a la atenci\u00f3n y rehabilitaci\u00f3n de las dificultades o trastornos de lenguaje que inciden directamente en los procesos de aprendizaje y de comunicaci\u00f3n.<\/span><\/span><\/p>\n<p class=\"western\" align=\"justify\"><span style=\"color: #000000;\"><span style=\"font-size: medium;\">El\/la profesional parte de un diagn\u00f3stico adecuado de las dificultades, algunas veces gracias a informes m\u00e9dicos o psicopedag\u00f3gicos, y despu\u00e9s de una evaluaci\u00f3n inicial, elabora un perfil ling\u00fc\u00edstico del ni\u00f1o, ni\u00f1a o adolescente.<\/span><\/span><\/p>\n<p class=\"western\" align=\"justify\"><span style=\"color: #000000;\"><span style=\"font-size: medium;\">La atenci\u00f3n logop\u00e9dica se centra en la rehabilitaci\u00f3n, pero tambi\u00e9n, de forma muy espec\u00edfica, en el acompa\u00f1amiento del trabajo llevado a cabo en las otras actividades de refuerzo educativo y en la coordinaci\u00f3n con el centro educativo. Se trabaja de forma preventiva, dado que las primeras etapas de la escolarizaci\u00f3n (hasta los 9 a\u00f1os) son cruciales en la adquisici\u00f3n del lenguaje.<\/span><\/span><\/p>\n","protected":false},"featured_media":2378,"template":"","class_list":["post-3060","terpia","type-terpia","status-publish","has-post-thumbnail","hentry"],"_links":{"self":[{"href":"https:\/\/families.eduvic.coop\/es\/wp-json\/wp\/v2\/terpia\/3060","targetHints":{"allow":["GET"]}}],"collection":[{"href":"https:\/\/families.eduvic.coop\/es\/wp-json\/wp\/v2\/terpia"}],"about":[{"href":"https:\/\/families.eduvic.coop\/es\/wp-json\/wp\/v2\/types\/terpia"}],"wp:featuredmedia":[{"embeddable":true,"href":"https:\/\/families.eduvic.coop\/es\/wp-json\/wp\/v2\/media\/2378"}],"wp:attachment":[{"href":"https:\/\/families.eduvic.coop\/es\/wp-json\/wp\/v2\/media?parent=3060"}],"curies":[{"name":"wp","href":"https:\/\/api.w.org\/{rel}","templated":true}]}}

Exploración logopédica y tratamiento de niños, niñas y adolescentes

<p class="western" align="justify"><span style="color: #000000;"><span style="font-size: medium;">Servicio orientado a la atención y rehabilitación de las dificultades o trastornos de lenguaje que inciden directamente en los procesos de aprendizaje y de comunicación.</span></span></p>
<p class="western" align="justify"><span style="color: #000000;"><span style="font-size: medium;">El/la profesional parte de un diagnóstico adecuado de las dificultades, algunas veces gracias a informes médicos o psicopedagógicos, y después de una evaluación inicial, elabora un perfil lingüístico del niño, niña o adolescente.</span></span></p>
<p class="western" align="justify"><span style="color: #000000;"><span style="font-size: medium;">La atención logopédica se centra en la rehabilitación, pero también, de forma muy específica, en el acompañamiento del trabajo llevado a cabo en las otras actividades de refuerzo educativo y en la coordinación con el centro educativo. Se trabaja de forma preventiva, dado que las primeras etapas de la escolarización (hasta los 9 años) son cruciales en la adquisición del lenguaje.</span></span></p>
