{"id":3055,"date":"2022-05-06T16:00:42","date_gmt":"2022-05-06T14:00:42","guid":{"rendered":"https:\/\/families.eduvic.coop\/terpia\/tutoria-relacional-socioeducativa-amb-infants-i-adolescents\/"},"modified":"2023-03-10T13:27:36","modified_gmt":"2023-03-10T11:27:36","slug":"tutoria-relacional-socioeducativa-con-ninos-ninas-y-adolescentes","status":"publish","type":"terpia","link":"https:\/\/families.eduvic.coop\/es\/terpia\/tutoria-relacional-socioeducativa-con-ninos-ninas-y-adolescentes\/","title":{"rendered":"Tutor\u00eda relacional socioeducativa con ni\u00f1os, ni\u00f1as y adolescentes"},"content":{"rendered":"<p class=\"western\" align=\"justify\"><span style=\"color: #000000;\"><span style=\"font-size: medium;\">Tiene como objetivo principal acompa\u00f1ar en su proceso de readaptaci\u00f3n a la familia y al medio social a los ni\u00f1os, ni\u00f1as y adolescentes que han sido ingresados \u200b\u200ben centros de protecci\u00f3n. Se trata de un espacio relacional de identificaci\u00f3n y explicitaci\u00f3n de emociones, pensamientos y sensaciones derivados de experiencias relacionales disfuncionales con la familia y del proceso de ingreso y salida del contexto institucional.<\/span><\/span><\/p>\n<p class=\"western\" align=\"justify\"><span style=\"color: #000000;\"><span style=\"font-size: medium;\">Desde la tutor\u00eda relacional socioeducativa tambi\u00e9n se trabaja para favorecer la vinculaci\u00f3n de los ni\u00f1os, ni\u00f1as y adolescentes a recursos de la red local: educativos, culturales, deportivos, etc.<\/span><\/span><\/p>\n<p class=\"western\" align=\"justify\"><span style=\"color: #000000;\"><span style=\"font-size: medium;\">Puntualmente, la tutor\u00eda se lleva a cabo en el contexto familiar con el objetivo de incluir a adultos y adultas en el acompa\u00f1amiento y trabajar aspectos relacionados con la adquisici\u00f3n de rutinas y h\u00e1bitos de autonom\u00eda del ni\u00f1o\/a o adolescente.<\/span><\/span><\/p>\n","protected":false},"featured_media":2787,"template":"","class_list":["post-3055","terpia","type-terpia","status-publish","has-post-thumbnail","hentry"],"_links":{"self":[{"href":"https:\/\/families.eduvic.coop\/es\/wp-json\/wp\/v2\/terpia\/3055","targetHints":{"allow":["GET"]}}],"collection":[{"href":"https:\/\/families.eduvic.coop\/es\/wp-json\/wp\/v2\/terpia"}],"about":[{"href":"https:\/\/families.eduvic.coop\/es\/wp-json\/wp\/v2\/types\/terpia"}],"wp:featuredmedia":[{"embeddable":true,"href":"https:\/\/families.eduvic.coop\/es\/wp-json\/wp\/v2\/media\/2787"}],"wp:attachment":[{"href":"https:\/\/families.eduvic.coop\/es\/wp-json\/wp\/v2\/media?parent=3055"}],"curies":[{"name":"wp","href":"https:\/\/api.w.org\/{rel}","templated":true}]}}

Tutoría relacional socioeducativa con niños, niñas y adolescentes

<p class="western" align="justify"><span style="color: #000000;"><span style="font-size: medium;">Tiene como objetivo principal acompañar en su proceso de readaptación a la familia y al medio social a los niños, niñas y adolescentes que han sido ingresados ​​en centros de protección. Se trata de un espacio relacional de identificación y explicitación de emociones, pensamientos y sensaciones derivados de experiencias relacionales disfuncionales con la familia y del proceso de ingreso y salida del contexto institucional.</span></span></p>
<p class="western" align="justify"><span style="color: #000000;"><span style="font-size: medium;">Desde la tutoría relacional socioeducativa también se trabaja para favorecer la vinculación de los niños, niñas y adolescentes a recursos de la red local: educativos, culturales, deportivos, etc.</span></span></p>
<p class="western" align="justify"><span style="color: #000000;"><span style="font-size: medium;">Puntualmente, la tutoría se lleva a cabo en el contexto familiar con el objetivo de incluir a adultos y adultas en el acompañamiento y trabajar aspectos relacionados con la adquisición de rutinas y hábitos de autonomía del niño/a o adolescente.</span></span></p>
